{"id":71,"date":"2021-11-21T18:28:31","date_gmt":"2021-11-21T17:28:31","guid":{"rendered":"https:\/\/xl-hop.com\/?page_id=71"},"modified":"2026-04-18T18:07:48","modified_gmt":"2026-04-18T16:07:48","slug":"accueil","status":"publish","type":"page","link":"https:\/\/xl-hop.com\/","title":{"rendered":"Accueil"},"content":{"rendered":"\t\t<div data-elementor-type=\"wp-page\" data-elementor-id=\"71\" class=\"elementor elementor-71\" data-elementor-post-type=\"page\">\n\t\t\t\t\t\t<section class=\"elementor-section elementor-top-section elementor-element elementor-element-53d1c66 elementor-section-boxed elementor-section-height-default elementor-section-height-default\" data-id=\"53d1c66\" data-element_type=\"section\" data-e-type=\"section\">\n\t\t\t\t\t\t<div class=\"elementor-container elementor-column-gap-default\">\n\t\t\t\t\t<div class=\"elementor-column elementor-col-100 elementor-top-column elementor-element elementor-element-a318a89\" data-id=\"a318a89\" data-element_type=\"column\" data-e-type=\"column\">\n\t\t\t<div class=\"elementor-widget-wrap elementor-element-populated\">\n\t\t\t\t\t\t<div class=\"elementor-element elementor-element-ebdf79f elementor-widget elementor-widget-heading\" data-id=\"ebdf79f\" data-element_type=\"widget\" data-e-type=\"widget\" data-widget_type=\"heading.default\">\n\t\t\t\t\t<h1 class=\"elementor-heading-title elementor-size-default\">BIENVENUE !<\/h1>\t\t\t\t<\/div>\n\t\t\t\t<div class=\"elementor-element elementor-element-6dc4668 elementor-widget elementor-widget-text-editor\" data-id=\"6dc4668\" data-element_type=\"widget\" data-e-type=\"widget\" data-widget_type=\"text-editor.default\">\n\t\t\t\t\t\t\t\t\t<p>XL Hop vous propose deux types de prestation<\/p>\t\t\t\t\t\t\t\t<\/div>\n\t\t\t\t\t<\/div>\n\t\t<\/div>\n\t\t\t\t\t<\/div>\n\t\t<\/section>\n\t\t\t\t<section class=\"elementor-section elementor-top-section elementor-element elementor-element-4c0c1e1 elementor-section-boxed elementor-section-height-default elementor-section-height-default\" data-id=\"4c0c1e1\" data-element_type=\"section\" data-e-type=\"section\">\n\t\t\t\t\t\t<div class=\"elementor-container elementor-column-gap-default\">\n\t\t\t\t\t<div class=\"elementor-column elementor-col-50 elementor-top-column elementor-element elementor-element-ec5452d\" data-id=\"ec5452d\" data-element_type=\"column\" data-e-type=\"column\">\n\t\t\t<div class=\"elementor-widget-wrap elementor-element-populated\">\n\t\t\t\t\t\t<div class=\"elementor-element elementor-element-a0671aa elementor-widget elementor-widget-heading\" data-id=\"a0671aa\" data-element_type=\"widget\" data-e-type=\"widget\" data-widget_type=\"heading.default\">\n\t\t\t\t\t<h2 class=\"elementor-heading-title elementor-size-default\">DE LA FORMATION<\/h2>\t\t\t\t<\/div>\n\t\t\t\t<div class=\"elementor-element elementor-element-8e1325a elementor-widget elementor-widget-image\" data-id=\"8e1325a\" data-element_type=\"widget\" data-e-type=\"widget\" data-widget_type=\"image.default\">\n\t\t\t\t\t\t\t\t\t\t\t\t\t\t\t\t<a href=\"https:\/\/xl-hop.com\/index.php\/formation\/\">\n\t\t\t\t\t\t\t<img fetchpriority=\"high\" decoding=\"async\" width=\"300\" height=\"300\" src=\"https:\/\/xl-hop.com\/wp-content\/uploads\/2026\/02\/XL_Hop-Visuel_Site-Formation-300x300.webp\" class=\"attachment-medium size-medium wp-image-3318\" alt=\"\" srcset=\"https:\/\/xl-hop.com\/wp-content\/uploads\/2026\/02\/XL_Hop-Visuel_Site-Formation-300x300.webp 300w, https:\/\/xl-hop.com\/wp-content\/uploads\/2026\/02\/XL_Hop-Visuel_Site-Formation-1024x1024.webp 1024w, https:\/\/xl-hop.com\/wp-content\/uploads\/2026\/02\/XL_Hop-Visuel_Site-Formation-150x150.webp 150w, https:\/\/xl-hop.com\/wp-content\/uploads\/2026\/02\/XL_Hop-Visuel_Site-Formation-768x768.webp 768w, https:\/\/xl-hop.com\/wp-content\/uploads\/2026\/02\/XL_Hop-Visuel_Site-Formation-1536x1536.webp 1536w, https:\/\/xl-hop.com\/wp-content\/uploads\/2026\/02\/XL_Hop-Visuel_Site-Formation.webp 1920w\" sizes=\"(max-width: 300px) 100vw, 300px\" \/>\t\t\t\t\t\t\t\t<\/a>\n\t\t\t\t\t\t\t\t\t\t\t\t\t\t\t<\/div>\n\t\t\t\t\t<\/div>\n\t\t<\/div>\n\t\t\t\t<div class=\"elementor-column elementor-col-50 elementor-top-column elementor-element elementor-element-f6d746a\" data-id=\"f6d746a\" data-element_type=\"column\" data-e-type=\"column\">\n\t\t\t<div class=\"elementor-widget-wrap elementor-element-populated\">\n\t\t\t\t\t\t<div class=\"elementor-element elementor-element-2a3930c elementor-widget elementor-widget-heading\" data-id=\"2a3930c\" data-element_type=\"widget\" data-e-type=\"widget\" data-widget_type=\"heading.default\">\n\t\t\t\t\t<h2 class=\"elementor-heading-title elementor-size-default\">DU CONSEIL<\/h2>\t\t\t\t<\/div>\n\t\t\t\t<div class=\"elementor-element elementor-element-219ef14 elementor-widget elementor-widget-image\" data-id=\"219ef14\" data-element_type=\"widget\" data-e-type=\"widget\" data-widget_type=\"image.default\">\n\t\t\t\t\t\t\t\t\t\t\t\t\t\t\t\t<a href=\"https:\/\/xl-hop.com\/index.php\/formation\">\n\t\t\t\t\t\t\t<img decoding=\"async\" width=\"300\" height=\"300\" src=\"https:\/\/xl-hop.com\/wp-content\/uploads\/2026\/02\/XL_Hop-Visuel_Site-Conseil-300x300.webp\" class=\"attachment-medium size-medium wp-image-3323\" alt=\"\" srcset=\"https:\/\/xl-hop.com\/wp-content\/uploads\/2026\/02\/XL_Hop-Visuel_Site-Conseil-300x300.webp 300w, https:\/\/xl-hop.com\/wp-content\/uploads\/2026\/02\/XL_Hop-Visuel_Site-Conseil-1024x1024.webp 1024w, https:\/\/xl-hop.com\/wp-content\/uploads\/2026\/02\/XL_Hop-Visuel_Site-Conseil-150x150.webp 150w, https:\/\/xl-hop.com\/wp-content\/uploads\/2026\/02\/XL_Hop-Visuel_Site-Conseil-768x768.webp 768w, https:\/\/xl-hop.com\/wp-content\/uploads\/2026\/02\/XL_Hop-Visuel_Site-Conseil-1536x1536.webp 1536w, https:\/\/xl-hop.com\/wp-content\/uploads\/2026\/02\/XL_Hop-Visuel_Site-Conseil.webp 1920w\" sizes=\"(max-width: 300px) 100vw, 300px\" \/>\t\t\t\t\t\t\t\t<\/a>\n\t\t\t\t\t\t\t\t\t\t\t\t\t\t\t<\/div>\n\t\t\t\t\t<\/div>\n\t\t<\/div>\n\t\t\t\t\t<\/div>\n\t\t<\/section>\n\t\t\t\t<section class=\"elementor-section elementor-top-section elementor-element elementor-element-c7b511a elementor-section-boxed elementor-section-height-default elementor-section-height-default\" data-id=\"c7b511a\" data-element_type=\"section\" data-e-type=\"section\">\n\t\t\t\t\t\t<div class=\"elementor-container elementor-column-gap-default\">\n\t\t\t\t\t<div class=\"elementor-column elementor-col-100 elementor-top-column elementor-element elementor-element-14542ec\" data-id=\"14542ec\" data-element_type=\"column\" data-e-type=\"column\">\n\t\t\t<div class=\"elementor-widget-wrap elementor-element-populated\">\n\t\t\t\t\t\t<div class=\"elementor-element elementor-element-1983c79 elementor-widget elementor-widget-heading\" data-id=\"1983c79\" data-element_type=\"widget\" data-e-type=\"widget\" data-widget_type=\"heading.default\">\n\t\t\t\t\t<h2 class=\"elementor-heading-title elementor-size-default\">Envie d'en savoir plus ?<\/h2>\t\t\t\t<\/div>\n\t\t\t\t\t<\/div>\n\t\t<\/div>\n\t\t\t\t\t<\/div>\n\t\t<\/section>\n\t\t\t\t<section class=\"elementor-section elementor-top-section elementor-element elementor-element-436df63 elementor-section-boxed elementor-section-height-default elementor-section-height-default\" data-id=\"436df63\" data-element_type=\"section\" data-e-type=\"section\">\n\t\t\t\t\t\t<div class=\"elementor-container elementor-column-gap-default\">\n\t\t\t\t\t<div class=\"elementor-column elementor-col-100 elementor-top-column elementor-element elementor-element-ae7ade9\" data-id=\"ae7ade9\" data-element_type=\"column\" data-e-type=\"column\">\n\t\t\t<div class=\"elementor-widget-wrap elementor-element-populated\">\n\t\t\t\t\t\t<div class=\"elementor-element elementor-element-58ab44a elementor-align-center elementor-widget elementor-widget-button\" data-id=\"58ab44a\" data-element_type=\"widget\" data-e-type=\"widget\" data-widget_type=\"button.default\">\n\t\t\t\t\t\t\t\t\t\t<a class=\"elementor-button elementor-button-link elementor-size-sm\" href=\"https:\/\/xl-hop.com\/index.php\/contact\/\">\n\t\t\t\t\t\t<span class=\"elementor-button-content-wrapper\">\n\t\t\t\t\t\t\t\t\t<span class=\"elementor-button-text\">Contactez-nous<\/span>\n\t\t\t\t\t<\/span>\n\t\t\t\t\t<\/a>\n\t\t\t\t\t\t\t\t<\/div>\n\t\t\t\t<div class=\"elementor-element elementor-element-78f86fe elementor-widget elementor-widget-text-editor\" data-id=\"78f86fe\" data-element_type=\"widget\" data-e-type=\"widget\" data-widget_type=\"text-editor.default\">\n\t\t\t\t\t\t\t\t\t<p><i>&#8220;Nous n&#8217;h\u00e9ritons pas la Terre de nos anc\u00eatres, nous l&#8217;empruntons \u00e0 nos enfants&#8221; (Antoine de Saint-Exup\u00e9ry)<\/i><\/p>\t\t\t\t\t\t\t\t<\/div>\n\t\t\t\t\t<\/div>\n\t\t<\/div>\n\t\t\t\t\t<\/div>\n\t\t<\/section>\n\t\t\t\t<\/div>\n\t\t","protected":false},"excerpt":{"rendered":"<p>BIENVENUE ! XL Hop vous propose deux types de prestation DE LA FORMATION DU CONSEIL Envie d&#8217;en savoir plus ? Contactez-nous &#8220;Nous n&#8217;h\u00e9ritons pas la Terre de nos anc\u00eatres, nous l&#8217;empruntons \u00e0 nos enfants&#8221; (Antoine de Saint-Exup\u00e9ry)<\/p>\n","protected":false},"author":1,"featured_media":0,"parent":0,"menu_order":0,"comment_status":"closed","ping_status":"closed","template":"","meta":{"footnotes":""},"class_list":["post-71","page","type-page","status-publish","hentry"],"_links":{"self":[{"href":"https:\/\/xl-hop.com\/index.php\/wp-json\/wp\/v2\/pages\/71","targetHints":{"allow":["GET"]}}],"collection":[{"href":"https:\/\/xl-hop.com\/index.php\/wp-json\/wp\/v2\/pages"}],"about":[{"href":"https:\/\/xl-hop.com\/index.php\/wp-json\/wp\/v2\/types\/page"}],"author":[{"embeddable":true,"href":"https:\/\/xl-hop.com\/index.php\/wp-json\/wp\/v2\/users\/1"}],"replies":[{"embeddable":true,"href":"https:\/\/xl-hop.com\/index.php\/wp-json\/wp\/v2\/comments?post=71"}],"version-history":[{"count":227,"href":"https:\/\/xl-hop.com\/index.php\/wp-json\/wp\/v2\/pages\/71\/revisions"}],"predecessor-version":[{"id":3433,"href":"https:\/\/xl-hop.com\/index.php\/wp-json\/wp\/v2\/pages\/71\/revisions\/3433"}],"wp:attachment":[{"href":"https:\/\/xl-hop.com\/index.php\/wp-json\/wp\/v2\/media?parent=71"}],"curies":[{"name":"wp","href":"https:\/\/api.w.org\/{rel}","templated":true}]}}